 base 11
-504
111010101110 (base 2) to base 12
2212
-6122 (base 7) to base 10
-2123
Convert 14308 (base 9) to base 6.
113012
Convert -71084 (base 10) to base 14.
-1bc96
What is -a74 (base 11) in base 6?
-5551
4231 (base 14) to base 2
10110010010011
-100222120 (base 3) to base 4
-1301232
556 (base 15) to base 14
622
-6db1 (base 15) to base 12
-11611
What is 30230 (base 4) in base 14?
420
Convert -1111000100 (base 2) to base 14.
-4cc
Convert -1004 (base 13) to base 8.
-4231
What is 3010 (base 4) in base 11?
169
-33bc (base 13) to base 10
-7253
-22314 (base 6) to base 11
-23a7
What is -32302 (base 5) in base 12?
-1336
Convert ac7 (base 14) to base 16.
857
What is 18a (base 15) in base 10?
355
110100000010 (base 2) to base 12
1b16
Convert -10553 (base 7) to base 15.
-bde
What is 34023 (base 5) in base 3?
10021110
Convert e62 (base 16) to base 5.
104212
What is 11011100110 (base 2) in base 8?
3346
Convert -453 (base 9) to base 13.
-228
Convert 1110422 (base 5) to base 7.
110546
What is -1010000010110100 (base 2) in base 4?
-22002310
-202230 (base 4) to base 5
-32340
Convert 611 (base 8) to base 12.
289
Convert -1cd7 (base 14) to base 6.
-40245
-22 (base 9) to base 6
-32
Convert -11202111212 (base 3) to base 12.
-46272
Convert 140544 (base 7) to base 11.
19062
1814 (base 12) to base 2
101101010000
What is 24123 (base 5) in base 11?
1386
-121122002 (base 3) to base 7
-50231
-10177 (base 9) to base 14
-2636
6344 (base 9) to base 10
4657
Convert -1020013 (base 4) to base 15.
-157a
What is 13320123 (base 4) in base 6?
405243
Convert -10211101 (base 3) to base 7.
-11065
What is 443333 (base 6) in base 14?
d717
401 (base 12) to base 3
210101
Convert 63e (base 15) to base 7.
4052
What is 22040 (base 5) in base 3?
2002022
Convert 20002002 (base 3) to base 14.
1886
-1253 (base 11) to base 2
-11001011111
Convert -67437 (base 8) to base 13.
-cc43
What is 926 (base 10) in base 12?
652
Convert 1571 (base 11) to base 13.
bbc
What is 927 (base 10) in base 6?
4143
-10111 (base 5) to base 10
-656
What is -62675 (base 8) in base 2?
-110010110111101
Convert -1016 (base 9) to base 3.
-1000120
What is -11020210 (base 3) in base 10?
-3099
What is -1202202012 (base 3) in base 5?
-2103213
-155156 (base 7) to base 5
-1434432
Convert 1a6 (base 14) to base 6.
1330
10d (base 16) to base 10
269
What is -41 (base 15) in base 9?
-67
301112 (base 4) to base 12
19b2
-23143 (base 5) to base 3
-2021222
-7852 (base 14) to base 5
-1131343
2b7 (base 12) to base 16
1ab
What is 112 (base 7) in base 13?
46
Convert 2030 (base 6) to base 13.
288
What is 7b80 (base 13) in base 6?
212142
Convert 1110100111 (base 2) to base 13.
56c
235 (base 12) to base 8
511
What is -1224 (base 9) in base 14?
-493
What is -3192 (base 10) in base 7?
-12210
-2554 (base 12) to base 5
-113430
1100000 (base 3) to base 12
690
Convert 511334 (base 6) to base 3.
2001120211
-a6 (base 15) to base 6
-420
-6555 (base 13) to base 3
-201100010
Convert -21275 (base 8) to base 5.
-241033
Convert 594a (base 14) to base 12.
8bba
What is -77a (base 16) in base 15?
-879
What is -2280 (base 10) in base 14?
-b8c
Convert -10300321 (base 4) to base 10.
-19513
Convert -14225 (base 6) to base 14.
-b69
What is 1e97 (base 15) in base 3?
100010221
Convert 603 (base 9) to base 2.
111101001
What is -1023031 (base 4) in base 12?
-2951
519 (base 11) to base 13
391
Convert -2050 (base 13) to base 6.
-32351
What is -2202323 (base 4) in base 11?
-791a
4343 (base 8) to base 7
6430
Convert -1585 (base 12) to base 6.
-15445
Convert 14013 (base 5) to base 8.
2155
What is -4835 (base 14) in base 5?
-400331
6599 (base 12) to base 7
44445
-383 (base 10) to base 16
-17f
2890 (base 10) to base 4
231022
Convert 104021 (base 5) to base 15.
1126
Convert -127320 (base 8) to base 2.
-1010111011010000
d257 (base 14) to base 9
54516
What is -ca7 (base 15) in base 9?
-3824
Convert -222112000 (base 3) to base 2.
-100101110000100
2100122 (base 3) to base 2
11010110110
What is -20101111 (base 3) in base 15?
-15a7
Convert -cca (base 15) to base 8.
-5512
Convert -3989 (base 14) to base 13.
-47b3
2ac3 (base 14) to base 8
16703
Convert -272 (base 11) to base 5.
-2241
Convert -2482 (base 10) to base 7.
-10144
-c23d (base 16) to base 12
-24939
Convert -3750 (base 13) to base 11.
-5987
Convert 12115 (base 6) to base 2.
11011101111
2122 (base 4) to base 13
bb
20c (base 14) to base 8
624
Convert 163540 (base 7) to base 5.
2020030
-671 (base 8) to base 15
-1e6
What is 289 (base 10) in base 14?
169
What is -118bb (base 15) in base 16?
-daa8
What is 15125 (base 12) in base 5?
1421144
Convert -2cc (base 14) to base 3.
-210012
-322441 (base 5) to base 13
-500b
Convert -1010100101 (base 2) to base 16.
-2a5
What is -3113 (base 5) in base 2?
-110011000
Convert 1235304 (base 6) to base 3.
10102022011
What is -63582 (base 9) in base 7?
-233354
What is -7530 (base 16) in base 7?
-153315
320 (base 4) to base 16
38
-10000001111 (base 2) to base 13
-61c
Convert 1127 (base 8) to base 16.
257
Convert -604 (base 8) to base 4.
-12010
4ad (base 16) to base 4
102231
What is c4e8 (base 16) in base 15?
ee08
Convert -1ad (base 16) to base 13.
-270
What is 101101101 (base 2) in base 12?
265
What is 10314 (base 6) in base 2?
10110000110
What is b612 (base 15) in base 10?
38492
100a6 (base 11) to base 9
22216
Convert 113 (base 15) to base 4.
3303
Convert -93c (base 14) to base 6.
-12230
What is bf43 (base 16) in base 3?
2111011110
42f (base 16) to base 8
2057
-129 (base 11) to base 5
-1102
What is -12101201 (base 3) in base 5?
-111214
What is 323 (base 10) in base 5?
2243
11010110 (base 2) to base 5
1324
101300 (base 4) to base 16
470
1248 (base 15) to base 11
2a1a
What is 67772 (base 9) in base 3?
2021212102
What is -3220302 (base 4) in base 16?
-3a32
What is 55 (base 9) in base 8?
62
What is 15315 (base 6) in base 8?
4677
122233 (base 4) to base 7
4663
Convert -88 (base 15) to base 2.
-10000000
What is 1572 (base 12) in base 2?
100111100110
What is -402 (base 7) in base 16?
-c6
Convert -418 (base 9) to base 6.
-1325
Convert 171 (base 16) to base 6.
1413
What is -61515 (base 9) in base 5?
-2244024
Convert -74724 (base 8) to base 4.
-13213110
What is 42411 (base 6) in base 12?
3407
What is 11231000 (base 4) in base 12?
11628
What is 5581 (base 10) in base 16?
15cd
Convert -289 (base 12) to base 14.
-201
Convert 1581 (base 10) to base 11.
1208
7dd (base 16) to base 13
bbb
20202020 (base 3) to base 12
2a20
Convert 2127 (base 16) to base 6.
103143
Convert -1686 (base 9) to base 5.
-20133
What is 20554 (base 9) in base 11?
a222
Convert 649 (base 16) to base 7.
4456
What is -362 (base 16) in base 9?
-1162
21223 (base 5) to base 11
1098
Convert -4b15 (base 14) to base 7.
-53225
Convert 14662 (base 7) to base 9.
5567
What is -1448 (base 13) in base 11?
-2227
Convert -1bb30 (base 12) to base 16.
-a194
Convert 1103222 (base 4) to base 13.
258b
Convert 13465 (base 13) to base 5.
2122121
Convert -186 (base 16) to base 15.
-1b0
What is -40053 (base 9) in base 14?
-9820
What is 1c8 (base 16) in base 5?
3311
Convert -10022022 (base 3) to base 11.
-18a2
Convert -10493 (base 11) to base 6.
-154255
Convert 1e24 (base 16) to base 10.
7716
-31746 (base 11) to base 4
-23101013
Convert 10308 (base 14) to base 16.
9864
758 (base 13) to base 12
888
What is -4b8 (base 16) in base 3?
-1122202
What is 323001 (base 5) in base 3?
120002110
Convert 1238 (base 11) to base 14.
834
Convert -121125 (base 6) to base 2.
-10100110001101
-11110223 (base 4) to base 16
-552b
What is -120 (base 14) in base 5?
-1344
Convert 8b23 (base 12) to base 9.
23150
What is -415 (base 14) in base 10?
-803
-10200 (base 8) to base 14
-177a
What is -715 (base 9) in base 13?
-359
Convert 3054 (base 6) to base 14.
36a
-3231 (base 5) to base 13
-27c
Convert -231165 (base 7) to base 4.
-22010220
What is -1d5 (base 16) in base 9?
-571
Convert -240 (base 7) to base 12.
-a6
Convert -5105 (base 13) to base 14.
-40d1
Convert -231350 (base 6) to base 4.
-10311102
Convert 11001101100001 (base 2) to base 15.
3d6d
Convert 6a9 (base 11) to base 10.
845
What is -1023322 (base 5) in base 9?
-25703
What is -369f (base 16) in base 13?
-6498
159 (base 11) to base 7
353
What is 22210 (base 6) in base 7?
12021
904 (base 11) to base 12
771
What is -1240 (base 14) in bas